 = -4*y - 13. Give h(-2).
-5
Let i(r) = 12*r + 33. Calculate i(-4).
-15
Let v(s) = -49*s**2 - 2*s - 1. Determine v(-1).
-48
Let k(s) = 2*s**3 - s**2 + s + 1. Determine k(-1).
-3
Let j(i) = -i**3 + 3*i**2 - 5*i + 7. Give j(3).
-8
Let j(a) = a**3 - a**2 + 1. Give j(0).
1
Let o(h) = 4*h**2 + 10*h + 29. What is o(-4)?
53
Let w(g) = g**2 - 3*g + 2. What is w(3)?
2
Let b(n) = 16*n - 14. What is b(3)?
34
Let x(a) = -a**3 + 5*a**2 - a + 3. Determine x(3).
18
Let a(b) = b**3 + 7*b**2 - b - 8. What is a(-7)?
-1
Let j(f) = 4*f**2 + 5*f + 4. Determine j(-2).
10
Let j(w) = w**3 - 5*w**2 - 4*w - 1. What is j(6)?
11
Let w(l) = -l**3 - 16*l**2 - 7*l - 27. Determine w(-16).
85
Let b(u) = -u**2 - 7*u - 14. Give b(-7).
-14
Let n(s) = s + 10. What is n(-2)?
8
Let q(v) = 42*v - 255. What is q(6)?
-3
Let g(h) = -h**2 - 12*h - 5. What is g(-11)?
6
Let a(i) = -i**3 + 8*i**2 + 2*i + 5. Calculate a(8).
21
Let m(u) = -u + 9. What is m(9)?
0
Let d(s) = s**3 + 19*s**2 - 19*s + 31. Calculate d(-20).
11
Let i(s) = -2*s - 5. Determine i(6).
-17
Let r(k) = 2*k**2 + 32*k - 15. Calculate r(-16).
-15
Let r(m) = 10*m + 5. Calculate r(-4).
-35
Let l(g) = -g**3 - 22*g**2 + 22*g - 14. Determine l(-23).
9
Let z(u) = u**3 + 6*u**2 - 18*u - 1. Calculate z(-8).
15
Let v(p) = p**3 + 13*p**2 - 29*p + 18. Give v(-15).
3
Let r(j) = -j**3 + 3*j**2 + 7*j - 1. Determine r(5).
-16
Let u(f) = 12*f**3 + f**2 - f - 1. Give u(-1).
-11
Let c(g) = g**2 + 11*g - 3. Determine c(-6).
-33
Let o(x) = -x**2 - 4*x - 4. Give o(-10).
-64
Let w(l) = 32*l**2 + 2. Give w(1).
34
Let x(d) = -d**2 - 39*d + 51. What is x(-40)?
11
Let u(q) = -q - 14. What is u(-10)?
-4
Let i(p) = -p**3 + 9*p**2 + 12*p - 11. Give i(10).
9
Let v(f) = -2*f**3 - f. Calculate v(2).
-18
Let b(t) = -t**3 + 13*t**2 - 25*t - 10. Give b(12).
-166
Let j(m) = -3*m**2 - 23*m + 11. Give j(-9).
-25
Let c(b) = b**2 + 21*b + 41. Calculate c(-18).
-13
Let z(v) = -v**3 - 14*v**2 + 10. Give z(-14).
10
Let d(z) = 2*z**2 - 3*z + 5. Calculate d(2).
7
Let b(g) = 4*g + 5. Determine b(-3).
-7
Let b(x) = x - 21. Calculate b(0).
-21
Let q(m) = -m**2 - 11*m - 4. Determine q(0).
-4
Let j(t) = t**3. What is j(0)?
0
Let z(d) = -2*d + 95. Calculate z(33).
29
Let b(q) = -2*q**2 - 12*q + 8. Determine b(-7).
-6
Let x(j) = -j**3 - 2*j**2 - 5*j - 3. Determine x(-3).
21
Let k(p) = -6*p - 19. Give k(-3).
-1
Let p(v) = v**3 + 28*v**2 - 91*v + 63. What is p(-31)?
1
Let i(v) = -v**2 - 8*v + 26. Determine i(-11).
-7
Let r(g) = -15*g**2 + 44*g + 5. What is r(3)?
2
Let k(n) = n**2 + 12*n - 36. Give k(-15).
9
Let c(k) = -2*k - 46. Calculate c(-22).
-2
Let q(k) = k**3 - 14*k**2 + k - 6. Calculate q(14).
8
Let k(y) = y**2 - 20*y + 20. Calculate k(19).
1
Let p(m) = 19*m + 677. Give p(-36).
-7
Let w(y) = 5*y - 16. Determine w(12).
44
Let c(g) = 2*g**3 - 3*g**2 + 2*g. What is c(1)?
1
Let n(t) = -5*t - 4. Calculate n(5).
-29
Let v(d) = d**3 + 8*d**2 + 8*d + 6. Give v(-7).
-1
Let b(t) = -t**2 + 4*t - 7. What is b(9)?
-52
Let s(a) = 9*a + 8. Give s(3).
35
Let d(g) = -g**2 - 7*g + 24. Calculate d(-9).
6
Let g(b) = b**2 - 17*b + 32. Determine g(15).
2
Let y(r) = 2*r + 1. Determine y(5).
11
Let x(z) = z**3 + 9*z**2 + 12*z + 12. Give x(-8).
-20
Let c(v) = v**3 - 7*v**2 + 2*v + 12. Determine c(6).
-12
Let t(u) = -u**2 + 2*u + 532. Determine t(24).
4
Let g(l) = -l**2 + l - 6. Calculate g(-6).
-48
Let o(l) = -l**3 - 5*l**2 - 2*l + 4. What is o(-3)?
-8
Let i(w) = 4*w - 42. Determine i(8).
-10
Let n(x) = 14*x. Determine n(-7).
-98
Let d(y) = y**3 - 6*y**2 + 5*y + 6. Give d(5).
6
Let g(p) = p**3 - 8*p**2 - 7*p + 2. What is g(9)?
20
Let i(f) = 2*f + 86. Give i(15).
116
Let c(p) = p**2 + 8*p + 13. What is c(-6)?
1
Let j(b) = -b**2 - 17*b - 28. What is j(-15)?
2
Let m(y) = 17*y**3 - 3*y + 2. Determine m(1).
16
Let y(d) = d**3 + d**2 + d + 5. Calculate y(0).
5
Let p(j) = j**2 + j. What is p(7)?
56
Let i(v) = -2*v**3 + 45*v**2 + 22*v + 40. What is i(23)?
17
Let m(p) = p**3 - 7*p**2 - 2*p + 24. Determine m(7).
10
Let b(r) = r - 32. What is b(0)?
-32
Let t(l) = -l**3 - 7*l**2 - 8*l - 7. Determine t(-6).
5
Let s(g) = -g**3 - 5*g**2 - 12*g - 28. Determine s(-4).
4
Let w(v) = -v - 12. What is w(-15)?
3
Let q(k) = 17*k. What is q(4)?
68
Let k(p) = -p**3 - 8*p**2 + 7*p - 3. Calculate k(-9).
15
Let g(h) = h**3 - 5*h**2 + 3*h - 3. Calculate g(5).
12
Let r(g) = 2*g + 4. Determine r(-7).
-10
Let r(m) = -32*m - 51. Determine r(-5).
109
Let d(v) = 3*v + 24. Determine d(-10).
-6
Let q(g) = 3*g - 3. Calculate q(1).
0
Let h(t) = 10*t. Determine h(7).
70
Let i(c) = -c**2 + 3*c + 9. Calculate i(5).
-1
Let c(w) = 4*w + 10. Calculate c(6).
34
Let t(w) = w**2 + 9*w + 2. Give t(-10).
12
Let i(n) = 2*n**2 - 12*n. What is i(5)?
-10
Let v(i) = -14*i - 85. Determine v(-6).
-1
Let v(r) = r**2 - 12*r + 13. Give v(9).
-14
Let t(l) = l**2 - 3*l + 5. Calculate t(5).
15
Let u(s) = -2*s + 30. What is u(16)?
-2
Let v(c) = -c**2 - 4*c - 3. What is v(-5)?
-8
Let p(q) = -21*q + 38. Calculate p(4).
-46
Let f(l) = -29*l**2 - 1. What is f(1)?
-30
Let f(h) = 12*h + 87. Give f(-6).
15
Let l(w) = -5*w + 113. What is l(23)?
-2
Let y(o) = o**3 + o**2 + 3*o + 129. Calculate y(0).
129
Let v(n) = n**3 + 8*n**2 - 12*n + 75. What is v(-10)?
-5
Let q(a) = 4*a + 48. What is q(-14)?
-8
Let o(x) = 10*x + 207. Determine o(-20).
7
Let k(u) = u**2 + 15*u - 11. What is k(-9)?
-65
Let b(p) = p**3 + p**2 - 2*p - 5. Determine b(-3).
-17
Let v(i) = 2*i - 18. Determine v(0).
-18
Let z(f) = f**3 + 2*f**2 - 5*f + 1. Calculate z(2).
7
Let r(n) = -19*n**2 - 2*n + 5. What is r(3)?
-172
Let g(m) = 13*m + 15. Give g(2).
41
Let m(b) = -b**3 - 27*b**2 + 54*b - 11. What is m(-29)?
105
Let t(m) = -34*m - 172. What is t(-5)?
-2
Let k(a) = 10*a + 10. What is k(-3)?
-20
Let y(l) = l**2 - l - 3. Determine y(0).
-3
Let v(b) = 4*b - 3. Calculate v(8).
29
Let w(v) = -3*v - 11. What is w(-4)?
1
Let a(w) = 81*w - 563. Give a(7).
4
Let o(c) = c + 3. Determine o(-2).
1
Let g(y) = y**3 - 10*y**2 + 18*y - 8. Calculate g(8).
8
Let u(d) = -d**3 + 15*d**2 + 13. Give u(15).
13
Let l(a) = -3*a**2 - 2*a + 1. Determine l(-3).
-20
Let l(p) = 37*p**2 - p + 3. Give l(1).
39
Let v(n) = 5*n + 48. Give v(-9).
3
Let v(r) = -r**3 - 6*r**2 - 3*r + 5. What is v(-4)?
-15
Let z(c) = -5*c - 6. Determine z(7).
-41
Let y(k) = k**2 + 7*k - 16. Calculate y(5).
44
Let t(g) = g + 10. Calculate t(-4).
6
Let t(a) = -5*a - 59. Determine t(-11).
-4
Let u(z) = -z**3 - 3*z**2 + 43. What is u(0)?
43
Let f(s) = 3*s**2 + 6*s. Determine f(-3).
9
Let b(y) = y**3 - 19*y**2 + 24*y - 4. Give b(18).
104
Let p(q) = 10*q - 13. Determine p(4).
27
Let g(w) = -w**3 - 2*w**2 + 2*w + 2. What is g(-2)?
-2
Let u(i) = i**3 - i**2 - 8*i + 8. Give u(0).
8
Let p(l) = 22*l - 10. Give p(7).
144
Let c(y) = -y**2 + 14*y - 12. Calculate c(10).
28
Let i(n) = n**2 + 16*n + 3. Calculate i(-16).
3
Let y(s) = -s**3 - 14*s**2 + 15*s - 12. What is y(-15)?
-12
Let a(s) = 6*s + 5. Give a(-7).
-37
Let x(v) = 8*v - 21. Calculate x(5).
19
Let u(g) = -4*g + 18. Give u(7).
-10
Let m(w) = 2*w**2 + 8*w + 2. What is m(4)?
66
Let c(k) = -5*k**2 + 11*k - 3. What is c(3)?
-15
Let j(n) = n**3 + 16*n**2 - 20*n - 9. Give j(-17).
42
Let p(d) = -d**3 - 6*d**2 - 3*d + 2. Determine p(-4).
-18
Let f(u) = u - 41. Calculate f(39).
-2
Let q(r) = -4*r - 1. Calculate q(-2).
7
Let v(o) = 4*o - 2. Give v(6).
22
Let g(b) = 2*b**2 - 6*b - 7. Calculate g(-2).
13
Let b(n) = -n**2 - 16*n + 10. What is b(-16)?
10
Let m(i) = i**3 + 3*i**2 - i + 4. Calculate m(-4).
-8
Let l(b) = b + 19. Calculate l(0).
19
Let n(h) = 17*h + 91. What is n(-6)?
-11
Let p(d) = -d**3 - 10*d**2 - d - 20. Determine p(-10).
-10
Let t(u) = -u + 5. What is t(0)?
5
Let u(b) = b**2 + 33*b + 173. Calculate u(-6).
11
Let u(a) = 5*a**3 + 2*a**2 - 4*a + 3. Give u(2).
43
Let c(v) = -v**2 - 6*v + 30. Determine c(-10).
-10
Let t(c) = -c**2 + 55*c + 234. Determine t(-4).
-2
Let m(d) = d**3 + 6*d**2 + 5*d - 4. Calculate m(-5).
-4
Let c(z) = -z**3 + 4*z**2 - 5*z. Determine c(4).
-20
Let v(c) = 19*c + 924. What is v(-49)?
-7
Let t(g) = -g**3 + 2*g**2 + 2*g - 3. Determine t(2).
1
Let u(m) = -47*m - 77. Determine u(-2).
17
Let a(r) = -r**3 + 2*r**2 - 2*r - 7. Calculate a(3).
-22
Let n(a) = -a**2 - 7*a + 45. Give n(-13).
-33
Let l(h) = -2*h - 11. Determine l(-8).
5
Let k(a) = -a - 26. Determine k(-13).
-13
Let y(g) = g**2 - 